40)/5. Suppose 313 = 5*k + p. What is the greatest common divisor of k and d?
17
Let v(w) = 8*w**3 - 5*w**2 + w + 2. Let a be v(2). Suppose -4*d - 1 + 49 = 0. What is the highest common factor of a and d?
12
Suppose -5*i = 1489 + 1121. Let v = 2283 + -1552. Let p = v + i. Calculate the highest common divisor of p and 19.
19
Let b be (-9 + (-60)/(-8))*(-8)/1. Suppose 0 = -3*a - 3*y + 35 - 11, -5*a = -y - 34. Let k = a + 17. Calculate the greatest common factor of k and b.
12
Suppose 0 = -2*o + 8, 3*v + 4*o - 388 = 7*v. Let z(f) = -2*f**2 + 13*f - 3. Let d be z(9). Let l = d - v. What is the greatest common factor of 9 and l?
9
Suppose 0 = -0*d - 5*d + g + 14, -d - 5*g + 8 = 0. Let b(z) = -z**2 + z + 7. Let c be b(d). Let u = -20 + 29. What is the highest common divisor of c and u?
1
Let l be (-1 - 0)/(780/(-388) + 2). Let t = l - -8. What is the highest common divisor of 15 and t?
15
Let f(i) = 15*i**2 + 5*i - 8. Let a be f(2). What is the highest common divisor of 217 and a?
31
Suppose 0 = -3*j - 2*z + 243, 2*j - 324 = -2*j + z. Let i be 30/3 - ((-6)/(-3) + -3). Suppose 2*f - i = 7. What is the greatest common factor of j and f?
9
Let n(x) = -2*x**3 - 126*x**2 - 125*x - 47. Let y be n(-62). What is the highest common divisor of y and 1245?
15
Let h = -726 + 1266. Let u = h + -350. Let o(b) = -6*b - 5. Let p be o(-4). What is the highest common factor of p and u?
19
Let c(z) = 3*z + 4. Let y be c(0). Let j = 24 + -11. Let g be j*(-3)/(-6)*y. What is the highest common factor of g and 13?
13
Suppose 4*y - 3*p - 144 = -17, p = 5*y - 145. What is the highest common factor of y and 1652?
28
Suppose -121 - 26 = -7*s. Suppose -s*z + 22*z = 25. Calculate the greatest common factor of 200 and z.
25
Suppose 5*n - 9 = 6. Suppose -2*o + 7*o - 44 = -4*r, -4*o + 36 = n*r. Calculate the highest common divisor of 6 and o.
6
Let p(c) = 125*c - 30. Let r(l) = -21*l + 5. Let o(b) = 6*p(b) + 35*r(b). Let u be o(4). Calculate the highest common divisor of 11 and u.
11
Let k(w) = w**3 + 3*w**2 - 3*w - 3. Let y be k(-3). Suppose y = -2*d + 96. Calculate the greatest common factor of d and 5.
5
Let j = 10 - 11. Let r(q) = 30*q**2 + q. Let l be r(j). Let i = l + -21. What is the greatest common divisor of i and 2?
2
Let i = -52 - -58. Let w be (4 - (-141)/i)*8/5. What is the highest common divisor of w and 4?
4
Suppose -5*t = -7*t + 12. Suppose t*v = v + 60. Let c = 13 - -119. What is the highest common factor of v and c?
12
Let p(v) = v**2 + 4*v + 17. Let q be (-2)/3*(-2)/((-16)/60). Let z be p(q). Calculate the greatest common factor of 110 and z.
22
Suppose 0*j = -2*j + 6. Suppose -q = -2*s, 2*q - j*q = -5*s + 12. Let g be 4*1 + (-2 - 1). What is the greatest common divisor of q and g?
1
Suppose -20 = 5*q + 20. Let j be (-208)/q - (-4)/(-2). Suppose -4*g = 3*h - 38, -6*h - 30 = -5*g - h. Calculate the highest common divisor of j and g.
8
Let j(h) = 7*h - 6. Let g be j(4). Let l(k) = k**2 + 8*k - 10. Let x be l(-13). Calculate the greatest common divisor of x and g.
11
Suppose 4*y + 49 = 129. Let t(r) = -1618*r**3 + r**2 + 3. Let g be t(-2). Let i be g/108 + (-1)/(-12). Calculate the highest common factor of y and i.
20
Suppose -p - 779 = -3*v, 37*v + 1299 = 42*v - p. Calculate the greatest common factor of 208 and v.
52
Let j = 7 - 3. Let x be -6 + (-8 - (-9 - 3)). Let v be x - 11*(-12)/j. What is the highest common divisor of 31 and v?
31
Let s = 15 + -21. Let r be s/(-3) - 2 - (-9 - -4). What is the greatest common factor of 15 and r?
5
Suppose 152 = 2*z + 4*w, 0 = -2*z - 2*z - 4*w + 324. Let f = 112 - 68. Let a = z - f. What is the greatest common factor of a and 63?
21
Let c = 157 + -127. Calculate the highest common divisor of c and 170.
10
Suppose 4*g = 448 + 100. Let d = g - 93. What is the greatest common divisor of d and 4?
4
Suppose -4*s + 8*s + 5*k - 1545 = 0, s = -2*k + 390. What is the highest common factor of 180 and s?
20
Suppose 111 = 3*x + b - 245, 612 = 5*x - 3*b. Calculate the highest common factor of x and 90.
30
Let y be (1 - (-14 - 0))*256/40. Let a = y + -58. What is the greatest common divisor of 114 and a?
38
Suppose -49 = -2*i + 37. Suppose -2*r - 5*h = -i, -3*r + 4*h + 33 = h. What is the greatest common factor of r and 21?
7
Suppose -g = g. Suppose -m - 5*l = 7 - 34, 3*m + 3*l - 21 = g. Suppose x - 2*x - 4*r - 10 = 0, 16 = -4*r. Calculate the greatest common factor of m and x.
2
Let d = -1387 + 1410. Let q = -436 + 643. Calculate the greatest common divisor of q and d.
23
Let u = 46 - 37. What is the greatest common divisor of 9 and u?
9
Suppose -346 = -x - 2*q, 5*q = -5*x + 1356 + 349. What is the highest common divisor of x and 192?
48
Let j be (20/(-6) + -2)*-6. Let y be (15/9)/((-345)/(-9936)). What is the highest common factor of y and j?
16
Suppose 4*a - 28 = 2*h, 2*a = 3*h - 0*a + 22. Let u be h/16 + (-411)/(-12). Suppose 21 + 200 = 13*l. Calculate the highest common factor of u and l.
17
Suppose 106*f = 90*f + 288. Suppose 36 = j + j. Let z be ((-2)/(-4))/(3/j). Calculate the greatest common divisor of z and f.
3
Suppose 4*g = 3*c + 79, 2*g - 5*c = -7*c + 22. What is the greatest common factor of g and 688?
16
Let d(q) = q**2 + 4*q - 5. Let g be d(-9). Let w(i) = -i**2 + 24*i - 68. Let l be w(8). Calculate the greatest common factor of g and l.
20
Let v = -73 - -133. Suppose -x = -0*x - v. What is the highest common factor of 45 and x?
15
Suppose 6*o = 5*o + 226. Let w = o + -124. What is the highest common divisor of 6 and w?
6
Suppose -5*m + 0 = -45. Let y(z) = -z**2 + 9*z - 14. Let i be y(7). Suppose i = -12*q + 13*q - 36. What is the highest common factor of m and q?
9
Suppose 4*y - 8 - 36 = 0. Let r = -17 - -25. Let c be ((-875)/(-4))/5 - (-2)/r. What is the greatest common factor of c and y?
11
Let s = 44 - -22. Calculate the highest common factor of 22 and s.
22
Let s = -193 + 235. Suppose k = -2 + 8. Let g = 99 + k. Calculate the greatest common factor of s and g.
21
Suppose -98 = -2*y - 3*o, 5*y - 94*o - 218 = -97*o. Suppose 2*h = -3*h + 85. Let g = -12 + h. What is the highest common factor of y and g?
5
Let v be ((-3076)/(-8) - 5)*(-2)/(-3). Let d = v - 176. Suppose 0 = u + 4*o - 27, 4*o - 36 - 13 = -3*u. Calculate the greatest common factor of u and d.
11
Suppose 0 = -5*u + 4*n + 20, 8 = 2*u + 4*n - 0. Let m = u - 3. Let w be -1*(-11 + (-9)/3 + 3). What is the highest common divisor of m and w?
1
Let a = 22 - 0. Suppose 0 = -9*n + 10*n - 4. Let x be 33*((-3 - 0) + n). What is the greatest common divisor of x and a?
11
Suppose -6*u + 20 - 8 = 0. Suppose -3*a + i = -193, -2*i = 2*a + u*i - 124. Calculate the highest common divisor of 16 and a.
16
Suppose 17*u - 14*u - 388 = -4*m, 2*u + 3*m - 257 = 0. Let x(w) = 3*w - 7. Let d be x(9). Let b = -3 + d. Calculate the highest common divisor of u and b.
17
Let i(q) = 11*q + 284. Let s be i(-25). Calculate the greatest common factor of s and 1.
1
Let h be 1022/18 + (-2)/(-9). Let s = -36 + 38. Suppose -x + s*x - 19 = 0. Calculate the highest common factor of x and h.
19
Suppose 5*z + 5*x = 105, -7*z - 57 = -9*z - 5*x. Suppose -14 + 302 = 3*u. Calculate the greatest common factor of u and z.
16
Let c = -844 + 883. What is the greatest common factor of 442 and c?
13
Let v = 18 + -6. Suppose -5*c + v = 2. Let p be 1 + 159/(6/c). Calculate the greatest common divisor of 18 and p.
18
Suppose -79*w + 192 + 1072 = 0. Let n = -45 + 69. What is the greatest common factor of n and w?
8
Let y(m) = m**2 - m + 12. Let g be y(0). Let t(s) = -3*s - 9. Let k be t(-4). Let a = k - 0. What is the highest common factor of a and g?
3
Let y = 552 + -547. What is the highest common divisor of 610 and y?
5
Let b = -14 - -16. Suppose -37 = -2*q + u, -b*u - 14 = -q - 0*q. Calculate the highest common divisor of 4 and q.
4
Suppose -8*v = -50 + 10. Suppose 4*h = -v*l - 0*h + 102, -h + 3 = 0. Calculate the greatest common divisor of 45 and l.
9
Let s be -2*1110/(-40) + 6/(-4). Calculate the highest common factor of 12 and s.
6
Let r(c) = 29*c - 28. Let f be r(12). Suppose -8*q = -3*q - f. Calculate the highest common factor of q and 16.
16
Suppose -5*j - 4 = -3*t + 16, -3 = 3*j. Suppose -t*i = -6 - 19. What is the highest common factor of 45 and i?
5
Let v be (-228)/(-266)*56/3. Calculate the great